ase 4?
-3111232
Convert 274 (base 12) to base 11.
312
-3250 (base 6) to base 3
-1000210
Convert 311 (base 5) to base 14.
5b
Convert -100602 (base 8) to base 2.
-1000000110000010
Convert -303000 (base 4) to base 11.
-24a8
Convert 2864 (base 11) to base 3.
12002001
1201 (base 8) to base 3
212202
-1001111000101000 (base 2) to base 3
-2001112120
What is 206453 (base 7) in base 10?
35906
-26444 (base 7) to base 6
-52452
What is -21430 (base 5) in base 9?
-2035
What is 1188b (base 12) in base 9?
35478
Convert 20023 (base 6) to base 2.
101000101111
What is 433b (base 14) in base 9?
16837
Convert 226 (base 13) to base 3.
111201
224434 (base 5) to base 15
2614
What is 1031321 (base 4) in base 2?
1001101111001
What is 35522 (base 7) in base 10?
9179
Convert -410 (base 11) to base 2.
-111101111
What is -498 (base 12) in base 7?
-2006
Convert 2445 (base 6) to base 4.
21131
What is 10111001001000 (base 2) in base 13?
5515
Convert -424 (base 5) to base 12.
-96
a49b (base 14) to base 7
145454
Convert 686 (base 10) to base 3.
221102
Convert 4063 (base 12) to base 5.
210422
What is -1432 (base 12) in base 3?
-10012202
What is -2211101 (base 3) in base 16?
-80e
-3b93 (base 16) to base 9
-22825
Convert -445 (base 10) to base 2.
-110111101
Convert 111001001010 (base 2) to base 8.
7112
What is 894 (base 11) in base 16?
42f
What is 1010 (base 7) in base 15?
185
What is 2e (base 15) in base 10?
44
Convert -512a (base 11) to base 4.
-1222120
1525 (base 6) to base 3
120022
Convert -341 (base 10) to base 13.
-203
Convert -411241 (base 5) to base 11.
-a010
What is 399e (base 16) in base 8?
34636
Convert -111014 (base 5) to base 6.
-25552
Convert 1450 (base 8) to base 14.
41a
Convert 1330 (base 10) to base 3.
1211021
Convert -3662 (base 15) to base 14.
-4303
Convert 1011110010111000 (base 2) to base 10.
48312
Convert 1110111011 (base 2) to base 7.
2533
What is 1d9b (base 15) in base 9?
8752
Convert -716 (base 9) to base 4.
-21012
What is -212201 (base 4) in base 13?
-1178
What is -21121001 (base 3) in base 9?
-7531
-821 (base 11) to base 7
-2614
2002302 (base 4) to base 9
12430
What is 8b (base 14) in base 15?
83
What is -42d7 (base 16) in base 12?
-9a9b
Convert -155 (base 12) to base 6.
-545
Convert -2002100 (base 3) to base 13.
-900
-5b77 (base 13) to base 6
-135530
What is 14550 (base 9) in base 8?
23307
What is 80cc (base 14) in base 13?
a0c6
Convert 6342 (base 7) to base 12.
1363
Convert 13113 (base 5) to base 12.
721
What is -66450 (base 9) in base 16?
-ac4d
-16046 (base 7) to base 4
-1012031
-10100001011010 (base 2) to base 16
-285a
78 (base 9) to base 2
1000111
101100111 (base 2) to base 15
18e
What is 88a6 (base 12) in base 4?
3223332
Convert -1083 (base 16) to base 6.
-31323
-666 (base 15) to base 5
-21241
What is -2ab (base 15) in base 3?
-211122
2671 (base 10) to base 15
bd1
What is -160041 (base 8) in base 7?
-326165
What is 61311 (base 7) in base 5?
434104
85f (base 16) to base 4
201133
What is 10e84 (base 15) in base 7?
313066
What is 100011010100 (base 2) in base 10?
2260
Convert 10101111000 (base 2) to base 16.
578
-2200010 (base 3) to base 2
-11110011011
234443 (base 5) to base 13
3c9c
Convert 738 (base 10) to base 7.
2103
-16388 (base 9) to base 16
-2bfa
What is 10102001121 (base 3) in base 13?
24715
140444 (base 6) to base 13
5c92
What is 12b4 (base 14) in base 2?
110011011110
What is -968 (base 15) in base 16?
-84b
What is 1ccd (base 15) in base 12?
3764
What is -110030 (base 4) in base 2?
-10100001100
Convert -183 (base 10) to base 9.
-223
What is -250331 (base 6) in base 9?
-33351
What is -39a4 (base 11) in base 14?
-1c72
68e0 (base 16) to base 14
9ada
What is 22201020 (base 3) in base 7?
24342
66b (base 12) to base 9
1262
Convert -35bf (base 16) to base 9.
-20777
What is 674 (base 10) in base 5?
10144
What is 13243 (base 6) in base 3?
2210200
What is -35612 (base 9) in base 3?
-1012200102
What is -43 (base 5) in base 6?
-35
-212002 (base 3) to base 9
-762
4b5 (base 15) to base 12
752
402 (base 15) to base 12
632
-27a (base 13) to base 4
-12313
Convert -1303 (base 5) to base 9.
-245
What is -b425 (base 13) in base 11?
-17763
What is 24043 (base 5) in base 2?
11011101101
Convert -10011200211 (base 3) to base 8.
-172011
-202123 (base 7) to base 5
-2044431
101011000100 (base 2) to base 4
223010
-10111010101011 (base 2) to base 10
-11947
Convert -7063 (base 8) to base 16.
-e33
Convert 5616 (base 8) to base 3.
11001120
What is -d52 (base 14) in base 2?
-101000111100
-10012 (base 10) to base 6
-114204
2867 (base 9) to base 12
1307
Convert 110605 (base 8) to base 11.
25a97
-302310 (base 4) to base 12
-1a70
-8249 (base 16) to base 12
-17375
What is -6b5c (base 13) in base 9?
-22657
-121120 (base 4) to base 11
-1247
What is 3658 (base 11) in base 2?
1001010101110
1033 (base 6) to base 7
456
-1977 (base 10) to base 9
-2636
Convert 282 (base 11) to base 9.
408
What is -44b2 (base 16) in base 6?
-213230
What is -7723 (base 8) in base 16?
-fd3
What is 276 (base 11) in base 5?
2300
What is -7936 (base 12) in base 2?
-11010001111010
104040 (base 5) to base 2
111000111101
What is 31022 (base 4) in base 15?
3b2
What is -102312 (base 4) in base 15?
-556
Convert 345335 (base 6) to base 7.
152441
What is -24506 (base 8) in base 16?
-2946
Convert 411 (base 12) to base 15.
294
Convert -110222 (base 3) to base 16.
-15e
248 (base 9) to base 6
542
Convert 1000002 (base 4) to base 3.
12121210
8ed9 (base 15) to base 8
73222
1002120 (base 3) to base 11
666
211013 (base 6) to base 13
7a04
What is 2945 (base 15) in base 12?
5148
What is -13233 (base 4) in base 5?
-3440
What is -291 (base 13) in base 15?
-206
Convert -1ba (base 14) to base 9.
-440
Convert -3e1d (base 16) to base 8.
-37035
What is -12e (base 15) in base 8?
-415
Convert 9985 (base 15) to base 5.
2020100
Convert -4422 (base 10) to base 3.
-20001210
Convert -20202322 (base 4) to base 13.
-12c16
46665 (base 8) to base 3
1000021210
What is -13150 (base 8) in base 14?
-213a
Convert baa (base 13) to base 3.
2202001
Convert -4702 (base 11) to base 12.
-36a5
-4a (base 13) to base 15
-42
Convert a4 (base 11) to base 14.
82
What is 6483 (base 16) in base 6?
315043
-10112 (base 3) to base 12
-7b
Convert -23500 (base 7) to base 4.
-1132330
Convert 739c (base 14) to base 4.
10313132
Convert -e6eb (base 15) to base 16.
-beb5
a2 (base 16) to base 12
116
Convert -414305 (base 6) to base 11.
-23093
What is -60ae (base 15) in base 3?
-1001000002
Convert 425 (base 12) to base 13.
377
Convert -35b (base 13) to base 6.
-2411
Convert 11 (base 3) to base 9.
4
-3122 (base 12) to base 2
-1010011101010
What is -11001111001 (base 2) in base 16?
-679
Convert 52 (base 12) to base 8.
76
What is 13544 (base 6) in base 7?
6163
Convert 42523 (base 7) to base 14.
3bba
What is -1037 (base 11) in base 2?
-10101011011
What is -826 (base 11) in base 16?
-3e4
-1565 (base 13) to base 11
-2391
-11101011010 (base 2) to base 14
-986
What is -95 (base 13) in base 5?
-442
What is 1233 (base 11) in base 14?
82d
-1212 (base 8) to base 13
-3b0
Convert -2000120 (base 3) to base 12.
-a29
-31358 (base 9) to base 13
-956c
-163 (base 11) to base 16
-be
Convert -3051 (base 7) to base 9.
-1413
-214 (base 13) to base 5
-2410
What is -3300013 (base 5) in base 10?
-56258
-24033 (base 7) to base 5
-144243
Convert ae3 (base 15) to base 3.
10101020
Convert -883 (base 10) to base 13.
-52c
Convert -12001 (base 4) to base 13.
-238
What is 110011100 (base 3) in base 8?
21241
Convert -11001 (base 3) to base 6.
-301
Convert 1550 (base 7) to base 11.
517
29b5 (base 15) to base 14
338d
Convert -156 (base 10) to base 6.
-420
What is 6 (base 12) in base 13?
6
24032 (base 6) to base 9
4682
-3431 (base 7) to base 12
-87b
What is -56 (base 11) in base 16?
-3d
What is -d71 (base 14) in base 5?
-41042
What is -10010221221 (base 3) in base 4?
-33013300
What is -12620 (base 7) in base 13?
-1712
What is 300222 (base 4) in base 5?
44424
Convert -191 (base 12) to base 14.
-141
Convert 14a (base 13) to base 11.
1a0
21256 (base 9) to base 14
51a8
What is -16116 (base 7) in base 12?
-2749
Convert 206 (base 14) to base 13.
248
-23 (base 13) to base 10
-29
-402 (base 9) to base 7
-644
Convert -2ca3 (base 15) to base 5.
-301403
Convert 1262 (base 7) to base 2.
111100101
What is -2a017 (base 11)